 = 29. Calculate the remainder when i is divided by 3.
1
Calculate the remainder when 967 is divided by ((-32)/(-2))/((-1205)/(-60) - 20).
7
Suppose -3*b + 803 = -j, 205*b - 265 = 204*b - j. Calculate the remainder when b is divided by 133.
1
Let o = -370 + 1694. Calculate the remainder when o is divided by 102.
100
Let b(h) = -152*h - 2340. What is the remainder when 710 is divided by b(-16)?
66
Let w(u) = -222*u + 1961. What is the remainder when w(8) is divided by 52?
29
Let k = 3156 - 3140. Calculate the remainder when 5821 is divided by k.
13
Let c(j) = -2*j - 4. Suppose -16 = 5*o - 2*y - 2, 3*o - 3 = 5*y. Let l be c(o). Suppose l*s - 17 = -1. What is the remainder when s is divided by 2?
0
Let i be (-4)/1 - 19/((-19)/32). Suppose -2*y = -3*h + 40 + 27, h + 5*y = i. Calculate the remainder when 43 is divided by h.
20
Let b(v) = -47*v - 17. Let g(r) = -889*r - 322. Let k(h) = -56*b(h) + 3*g(h). What is the remainder when k(-7) is divided by 29?
28
Suppose -17*w - 18 = -20*w. Let i be (4*(-25)/(-12))/((-2)/w). What is the remainder when 11 is divided by (-40)/i - 2/(-5)?
1
Suppose 24*n - 13702 = -2*n. Suppose 0 = 22*v + n - 1737. Let c = 37 + -22. Calculate the remainder when v is divided by c.
10
Calculate the remainder when (-1)/((-6)/(-15)*(-6)/1356) is divided by 266.
33
Suppose 5 = 5*m - 10. Suppose m*v + 75 = 2*v - o, 4*v + 307 = 3*o. Let z = -65 - v. Calculate the remainder when 18 is divided by z.
7
Suppose 3746578 = 303*v - 2011937. What is the remainder when v is divided by 32?
29
Let q = -68 - -122. Suppose -74 = -5*v + 2*u, 0 = -3*v + 4*u + q - 4. What is the remainder when 65 is divided by v?
9
Let x be 12/(-8)*(-132)/9. Let u = x - 22. Suppose 2*b - 147 - 41 = u. What is the remainder when b is divided by 20?
14
Let s be 21 - 33 - (0 + -3). Calculate the remainder when 99 is divided by (-88)/s - (28/(-9))/14.
9
Let c = 83634 + -83479. Let j = 172 - 101. Calculate the remainder when c is divided by j.
13
Suppose -21*r = -47 - 310. Let z = -1 - -7. What is the remainder when r is divided by z?
5
Suppose -33*t = -10*t - 644. Suppose t = u + 2. What is the remainder when u is divided by 15?
11
Let y(r) = -82*r + 2090. Calculate the remainder when 1123 is divided by y(21).
19
Suppose 5*j - b = 246, -6*j + 2*j + b + 196 = 0. Let t be (-13)/((-13)/9) - 6. Calculate the remainder when j is divided by t + -2 + -4 + 3 + 13.
11
Let v = 3179 - 3124. What is the remainder when 748 is divided by v?
33
Calculate the remainder when 634 is divided by 1628969/2623 + 8/(-244).
13
Let f(g) = 11*g**2 - 791*g - 18. Calculate the remainder when 101 is divided by f(72).
47
Suppose -6*b + 5*b = -2. Suppose 10*v - 15 + 55 = 0. What is the remainder when ((-1)/v)/((-8)/(-64)) is divided by b?
0
Let u = 1584 - 1545. What is the remainder when 623 is divided by u?
38
Suppose -2*i = -10, -17*i = 5*y - 12*i + 1605. Let r = y + 473. Calculate the remainder when r is divided by 63.
21
Suppose 0 = 18*g - 6314 - 6690 - 2656. Calculate the remainder when g is divided by 228.
186
Let s = -3 - -7. Let h(i) = -i**2 - 14*i + 12. Let j be h(-14). Suppose -320 = -j*z - s*z. What is the remainder when 98 is divided by z?
18
Suppose 0 = -22*i + 30*i - 32. Suppose -2*h + 3*m = -134, 5*m - 149 = -4*h + 75. What is the remainder when h is divided by i?
1
Suppose 3*i + 24*i - 729 = 0. Let x be 0 - 0 - (0 - 13). Let a = x + i. Calculate the remainder when a is divided by 22.
18
Let t be (-3 - 0) + 1*16/4. Calculate the remainder when (t/((-15)/24))/((-8)/1000) is divided by 29.
26
Suppose 5*g = 4*x - 37 + 151, 2*g - x - 42 = 0. What is the remainder when 1835 is divided by g?
17
Let m = 539 + -455. Calculate the remainder when m is divided by 61.
23
Let p be (-4)/(-26) + (-6)/39. Suppose 7*w + 10*w - 6*w = p. Suppose -3*h - 2*g - g + 36 = 0, -4*h + 2*g + 18 = w. What is the remainder when h is divided by 3?
1
Suppose 2*n - 78 = 2*g, -149 = -4*n - 5*g + 2*g. Suppose 0 = 4*a - 2*l - 1498, a + 39*l - 42*l = 362. Calculate the remainder when a is divided by n.
35
Let m be ((-182)/39)/((-2)/(-6)). Let y be 1/2 + (-1127)/m. Suppose -y = -4*p - 5*l, -4*l + 6*l + 46 = 4*p. What is the remainder when 55 is divided by p?
13
Let d = 52 + -36. Suppose 9*n = 10*n - 14. Suppose -d*m = -n*m - 48. What is the remainder when m is divided by 9?
6
Let u = 709 + -703. Suppose 4*y + 4*z = 1444, -3*z + u*z = -12. Calculate the remainder when y is divided by 46.
43
Suppose 2*t + 2*k + 59 = 3*t, 4*t - 2*k - 248 = 0. Let w be (-12)/14*t/3. What is the remainder when 23 is divided by (-6)/w*14*3?
9
Let v(i) = 15*i**2 - 9. Let w be v(-2). Suppose -4*g + 30 = -2*f, -5*g - f = f - w. Let n = 25 - 16. What is the remainder when n is divided by g?
0
Suppose -8*o = -7*o - 2. Suppose -a - 1 + 7 = 0. Calculate the remainder when a*-17*2/o*-1 is divided by 21.
18
Suppose -167*k + 66 = -164*k. Let w(v) = -25*v + 6. What is the remainder when w(-5) is divided by k?
21
Suppose -103 = 5*t - 98. What is the remainder when (315/60)/(t/(-36)) is divided by 24?
21
Let d be (8/5 - 2)*140. Let i = d + 84. Suppose 0 = 25*n - 62 - 88. Calculate the remainder when i is divided by n.
4
Let d(q) = q**3 - 15*q**2 - 11*q - 10. Let p(j) = 13*j**2 + 2*j. Let z be p(4). Suppose z = 12*x - 3*x. Calculate the remainder when d(16) is divided by x.
22
Let o(w) = -2*w + 30. Let f be (87 - 85) + (0 - 1 - 2). What is the remainder when 298 is divided by o(f)?
10
What is the remainder when 98 is divided by 1256/42 - 3/(-7) - (-10)/(-30)?
8
Suppose -138*z + 14*z + 103168 = 0. Calculate the remainder when z is divided by 276.
4
Let y = -3362 - -4187. Calculate the remainder when y is divided by 18.
15
Let b = 206 - 901. Let o = -468 - b. Suppose -o*s + 228*s = 37. What is the remainder when s is divided by 19?
18
Let x = 242 - 236. What is the remainder when 57 is divided by 6 + x + -7 - 1?
1
Let b(j) = -j**3 + 5*j**2 + 2*j + 1. Let x be b(4). Suppose 0 = -c - 0*c + x. Let h = 309944 + -309872. What is the remainder when h is divided by c?
22
Let b(m) = 7*m + 95. What is the remainder when 608 is divided by b(-1)?
80
Let s(v) = v**3 - 10*v**2 - 34*v - 4. Suppose -4*u + 2*t + 122 = 0, 0*u - 3*u - t = -99. Calculate the remainder when s(13) is divided by u.
29
Let g(j) = -j**3 + 2*j**2 + 5*j - 1. Suppose -5*f - 20 = -5*u, 2*f + 4*u + 8 = -u. Calculate the remainder when g(f) is divided by 6596/255 - 8/(-60).
23
Suppose -19472*h - 3861 = -19499*h. What is the remainder when 573 is divided by h?
1
Let h(g) = -15*g**2 - 5*g. Let n(z) = -29*z**2 - 9*z. Let t(b) = 11*h(b) - 6*n(b). Calculate the remainder when 3378/104718 + (-1424)/(-62) is divided by t(1).
7
Suppose -7 = -7*h + 28. Suppose 4*t = 3*n - 48, -h*t = -t. Let a(i) = 8*i + 4. Calculate the remainder when a(5) is divided by n.
12
Let v = -7 + 13. Suppose 8 = -r + 11. Suppose -60 = -5*j + r*n, -2*j - n = -28 - 7. Calculate the remainder when j is divided by v.
3
Let s(u) = u**3 + 4*u**2 - 5*u. Let q be s(-5). Suppose -2*t - 5*g + 137 = q, 4*g = 4 - 0. What is the remainder when 328 is divided by t?
64
Calculate the remainder when 198 is divided by 217 + -109 - 11*1.
4
Suppose -67152 = -291*f + 147897. Calculate the remainder when f is divided by 347.
45
Let f = 342 + -303. Let g = -64 + 215. What is the remainder when g is divided by f?
34
Suppose 997 = c + 988. Calculate the remainder when 4 + (5 - (-63)/c) is divided by 11.
5
Calculate the remainder when 559 is divided by (-8)/22 - (-92640)/660.
139
Let r be (6/(-5))/((-22)/55). Let c(d) = -4*d - 8. Let a(k) = 1. Let u(f) = r*c(f) - 21*a(f). What is the remainder when u(-8) is divided by 9?
6
Suppose -27*w + 13*w + 4256 = 0. Suppose -235 + w = a. What is the remainder when 410 is divided by a?
65
Suppose -5*j + 28175 = 5*y - 34890, 2*j = 4. Calculate the remainder when y is divided by 14.
11
Let d = -256 - -1329. Calculate the remainder when d is divided by 6.
5
Suppose 2*r = 5*r - 759. Calculate the remainder when r is divided by 3/((-6)/14) + (346 - 274) + 0.
58
Let m(l) = -41*l. Let i be m(-1). Let y = 47 - i. Suppose -4*j = -3*n - 127, -2*j + 2*n - 18 = -3*j. What is the remainder when j is divided by y?
4
Let w = -35 + 37. Let y be 33 - (4 - (w + 4)). Let b = y + 1. What is the remainder when b is divided by 13?
10
Let l = -